{"id":164,"date":"2011-06-21T07:25:05","date_gmt":"2011-06-21T07:25:05","guid":{"rendered":"http:\/\/www.akcalarbros.com\/?page_id=164"},"modified":"2022-07-18T18:59:17","modified_gmt":"2022-07-18T15:59:17","slug":"spot","status":"publish","type":"page","link":"http:\/\/www.akcalarbros.com\/?page_id=164","title":{"rendered":"Live Tracking"},"content":{"rendered":"<p>U\u00e7u\u015flar\u0131 canl\u0131 olarak a\u015fa\u011f\u0131daki ba\u011flant\u0131lardan takip edebilirsiniz<\/p>\n<p>Follow the below links to see my live flight track:<\/p>\n<p><a href=\"https:\/\/share.garmin.com\/HakanAkcalar\">Garmin InReach<\/a><\/p>\n<p><a href=\"https:\/\/www.xcontest.org\/api.s\/widget\/live-map\/all\/\">XContest (XCtrack)<\/a><\/p>\n<p><a href=\"https:\/\/www.livetrack24.com\/user\/wings\/tracks\/country\/tr\">Livetrack24 (XCsoar)<\/a><\/p>\n<p><a href=\"https:\/\/lt.flymaster.net\/\">Flymaster<\/a><\/p>\n<p><strong>Flarm tracking:<\/strong><\/p>\n<p><a href=\"https:\/\/www.navplan.ch\/#\/traffic\">https:\/\/www.navplan.ch\/#\/traffic<\/a><\/p>\n<p><a href=\"http:\/\/wiki.glidernet.org\/\">http:\/\/wiki.glidernet.org\/<\/a><\/p>\n<p>\u00a0<\/p>\n\n\n<p><\/p>\n","protected":false},"excerpt":{"rendered":"<p>U\u00e7u\u015flar\u0131 canl\u0131 olarak a\u015fa\u011f\u0131daki ba\u011flant\u0131lardan takip edebilirsiniz Follow the below links to see my live flight track: Garmin InReach XContest (XCtrack) Livetrack24 (XCsoar) Flymaster Flarm tracking: https:\/\/www.navplan.ch\/#\/traffic http:\/\/wiki.glidernet.org\/ \u00a0<\/p>\n","protected":false},"author":1,"featured_media":0,"parent":0,"menu_order":0,"comment_status":"open","ping_status":"open","template":"","meta":{"footnotes":""},"class_list":["post-164","page","type-page","status-publish","hentry"],"_links":{"self":[{"href":"http:\/\/www.akcalarbros.com\/index.php?rest_route=\/wp\/v2\/pages\/164","targetHints":{"allow":["GET"]}}],"collection":[{"href":"http:\/\/www.akcalarbros.com\/index.php?rest_route=\/wp\/v2\/pages"}],"about":[{"href":"http:\/\/www.akcalarbros.com\/index.php?rest_route=\/wp\/v2\/types\/page"}],"author":[{"embeddable":true,"href":"http:\/\/www.akcalarbros.com\/index.php?rest_route=\/wp\/v2\/users\/1"}],"replies":[{"embeddable":true,"href":"http:\/\/www.akcalarbros.com\/index.php?rest_route=%2Fwp%2Fv2%2Fcomments&post=164"}],"version-history":[{"count":14,"href":"http:\/\/www.akcalarbros.com\/index.php?rest_route=\/wp\/v2\/pages\/164\/revisions"}],"predecessor-version":[{"id":570,"href":"http:\/\/www.akcalarbros.com\/index.php?rest_route=\/wp\/v2\/pages\/164\/revisions\/570"}],"wp:attachment":[{"href":"http:\/\/www.akcalarbros.com\/index.php?rest_route=%2Fwp%2Fv2%2Fmedia&parent=164"}],"curies":[{"name":"wp","href":"https:\/\/api.w.org\/{rel}","templated":true}]}}